14) to base 4
2
What is -35 (base 6) in base 4?
-113
Convert 1 (base 3) to base 14.
1
-10 (base 5) to base 4
-11
What is -21 (base 8) in base 16?
-11
Convert -3 (base 7) to base 12.
-3
What is -1 (base 5) in base 13?
-1
1 (base 11) to base 13
1
Convert -1111101 (base 2) to base 3.
-11122
What is -54 (base 12) in base 14?
-48
-25 (base 11) to base 4
-123
Convert 10 (base 15) to base 14.
11
What is 14 (base 16) in base 11?
19
-c (base 14) to base 9
-13
What is 10231 (base 4) in base 13?
1a2
Convert -411 (base 6) to base 13.
-b8
What is 8a (base 11) in base 2?
1100010
What is 8 (base 15) in base 5?
13
-2 (base 13) to base 2
-10
1011 (base 2) to base 3
102
Convert 2 (base 12) to base 10.
2
What is 2 (base 14) in base 16?
2
Convert -3 (base 16) to base 12.
-3
What is 9 (base 13) in base 3?
100
Convert 16 (base 15) to base 5.
41
75 (base 15) to base 3
11002
-2d (base 14) to base 16
-29
What is -24 (base 5) in base 11?
-13
2 (base 12) to base 6
2
Convert -14 (base 8) to base 14.
-c
Convert -1 (base 4) to base 2.
-1
What is 16 (base 7) in base 5?
23
1a (base 12) to base 13
19
What is 7 (base 12) in base 5?
12
What is 1c (base 13) in base 3?
221
What is 88 (base 13) in base 8?
160
Convert 4 (base 9) to base 3.
11
What is 4 (base 8) in base 16?
4
1 (base 13) to base 3
1
Convert 10010011 (base 2) to base 12.
103
Convert -10 (base 10) to base 2.
-1010
What is 18 (base 13) in base 5?
41
What is 34 (base 9) in base 13?
25
What is -110 (base 2) in base 15?
-6
What is -168 (base 11) in base 10?
-195
Convert -10 (base 5) to base 15.
-5
0 (base 6) to base 9
0
Convert 0 (base 9) to base 4.
0
What is 11 (base 2) in base 11?
3
Convert -1301 (base 5) to base 6.
-533
-11 (base 4) to base 7
-5
Convert -3e (base 15) to base 10.
-59
-7 (base 12) to base 15
-7
What is 14 (base 7) in base 14?
b
Convert -3 (base 7) to base 5.
-3
Convert 12 (base 8) to base 13.
a
What is 0 (base 15) in base 14?
0
Convert -2 (base 14) to base 13.
-2
-89 (base 14) to base 7
-232
2 (base 8) to base 12
2
What is 4 (base 5) in base 12?
4
What is 94 (base 15) in base 14?
9d
-15 (base 14) to base 15
-14
Convert -2 (base 6) to base 15.
-2
What is 2211 (base 3) in base 15?
51
What is -5 (base 9) in base 4?
-11
-3c (base 14) to base 8
-66
What is 9 (base 10) in base 6?
13
What is -38 (base 14) in base 3?
-1212
b (base 15) to base 8
13
What is 11 (base 10) in base 8?
13
Convert -10 (base 10) to base 8.
-12
What is -66 (base 12) in base 2?
-1001110
What is 110010 (base 2) in base 8?
62
-24 (base 11) to base 9
-28
What is 46 (base 10) in base 6?
114
11 (base 5) to base 7
6
What is -1 (base 3) in base 9?
-1
3 (base 12) to base 7
3
Convert -57 (base 12) to base 14.
-4b
Convert 640 (base 7) to base 2.
101000010
Convert -1 (base 16) to base 8.
-1
Convert 5 (base 10) to base 4.
11
What is -406 (base 8) in base 13?
-172
What is 4b (base 13) in base 10?
63
Convert 16 (base 14) to base 8.
24
What is -94 (base 10) in base 4?
-1132
0 (base 9) to base 12
0
What is 11 (base 3) in base 4?
10
What is 11 (base 4) in base 14?
5
What is -8 (base 11) in base 6?
-12
-2 (base 7) to base 10
-2
Convert 206 (base 9) to base 5.
1133
-21 (base 4) to base 7
-12
Convert 39 (base 14) to base 4.
303
Convert -2 (base 10) to base 3.
-2
What is -113 (base 4) in base 14?
-19
What is -28 (base 9) in base 2?
-11010
1000100 (base 2) to base 4
1010
Convert -1 (base 6) to base 10.
-1
Convert -12 (base 5) to base 13.
-7
Convert -5 (base 9) to base 10.
-5
Convert -130 (base 4) to base 14.
-20
What is -261 (base 7) in base 8?
-215
What is 0 (base 4) in base 6?
0
-21 (base 4) to base 5
-14
What is -123 (base 6) in base 4?
-303
31 (base 16) to base 2
110001
Convert -3 (base 7) to base 10.
-3
-7 (base 8) to base 11
-7
1a (base 11) to base 15
16
What is 1111 (base 3) in base 2?
101000
Convert -3 (base 12) to base 3.
-10
0 (base 4) to base 13
0
Convert 1222 (base 5) to base 4.
2323
Convert 2 (base 5) to base 16.
2
10111 (base 2) to base 15
18
Convert -110110 (base 2) to base 5.
-204
7 (base 15) to base 3
21
-10 (base 4) to base 11
-4
Convert -1 (base 12) to base 3.
-1
Convert 7 (base 8) to base 7.
10
-44 (base 16) to base 10
-68
Convert 1 (base 8) to base 7.
1
What is 1 (base 4) in base 3?
1
What is -433 (base 5) in base 7?
-226
What is 5 (base 16) in base 7?
5
What is -1b (base 15) in base 11?
-24
5 (base 11) to base 12
5
What is 0 (base 7) in base 13?
0
Convert 21 (base 13) to base 9.
30
Convert -2 (base 15) to base 12.
-2
236 (base 7) to base 10
125
5 (base 8) to base 13
5
What is -c5 (base 15) in base 12?
-135
0 (base 10) to base 6
0
What is -10 (base 4) in base 8?
-4
Convert 224 (base 6) to base 5.
323
Convert -10 (base 3) to base 14.
-3
What is b0 (base 12) in base 10?
132
Convert 10 (base 3) to base 8.
3
Convert 100001 (base 2) to base 12.
29
Convert 32 (base 10) to base 8.
40
4 (base 6) to base 11
4
Convert a (base 15) to base 5.
20
What is 19 (base 15) in base 12?
20
Convert 12 (base 6) to base 16.
8
Convert -5 (base 11) to base 15.
-5
What is -10020 (base 4) in base 12?
-1a0
What is 5 (base 11) in base 13?
5
3 (base 14) to base 10
3
What is 143 (base 6) in base 3?
2100
110 (base 4) to base 14
16
What is 0 (base 16) in base 2?
0
-60 (base 12) to base 5
-242
What is -3 (base 6) in base 2?
-11
Convert -2a (base 13) to base 11.
-33
-1 (base 15) to base 14
-1
30 (base 9) to base 12
23
-4 (base 11) to base 5
-4
-8 (base 9) to base 11
-8
What is 7 (base 9) in base 7?
10
-1 (base 13) to base 5
-1
What is 22 (base 5) in base 12?
10
What is -42 (base 9) in base 13?
-2c
What is c (base 15) in base 4?
30
Convert -2000 (base 3) to base 2.
-110110
What is 2 (base 3) in base 10?
2
Convert 3 (base 4) to base 3.
10
What is 101101101 (base 2) in base 8?
555
Convert -1 (base 5) to base 3.
-1
What is -9a (base 13) in base 8?
-177
Convert -34 (base 6) to base 4.
-112
What is -20 (base 6) in base 8?
-14
What is a4 (base 11) in base 7?
222
What is -20 (base 12) in base 10?
-24
Convert 180 (base 11) to base 3.
21202
What is -1000000 (base 2) in base 3?
-2101
Convert 4 (base 6) to base 10.
4
-9 (base 16) to base 14
-9
Convert 25 (base 8) to base 9.
23
What is -30 (base 6) in base 15?
-13
Convert -1 (base 6) to base 15.
-1
-2 (base 10) to base 12
-2
Convert -20 (base 14) to base 12.
-24
Convert -1a (base 16) to base 14.
-1c
-21 (base 8) to base 9
-18
-13 (base 7) to base 8
-12
-10 (base 14) to base 6
-22
Convert 1 (base 16) to base 14.
1
-1001100 (base 2) to base 15
-51
What is -1 (base 2) in base 14?
-1
Convert -207 (base 10) to base 16.
-cf
What is -1000 (base 2) in base 5?
-13
What is 2 (base 14) in base 7?
2
Convert 4 (base 7) to base 14.
4
What is 10023 (base 4) in base 3?
100220
What is 143 (base 13) in base 3?
22022
Convert 170 (base 9) to base 10.
144
-5 (base 14) to base 13
-5
Convert -3 (base 14) to base 16.
-3
Convert -4 (base 10) to base 4.
-10
Convert 11 (base 2) to base 12.
3
Convert 108 (base 11) to base 7.
243
Convert -2 (base 5) to base 3.
-2
Convert 11 (base 2) to base 7.
3
0 (base 6) to base 12
0
6 (base 13) to base 10
6
Convert -32 (base 10) to base 8.
-40
What is -57 (base 13) in base 6?
-200
7 (base 15) to base 11
7
-14c (base 14) to base 11
-220
Convert -7 (base 12) to base 10.
-7
Convert 3 (base 10) to base 13.
3
Convert -21 (base 11) to base 15.
-18
-1123 (base 4) to base 11
-83
Convert -70 (base 10) to base 3.
-2121
-4 (base 8) to base 15
-4
Convert -3003 (base 4) to base 15.
-d0
Convert -180 (base 15) to base 8.
-531
What is -4 (base 6) in base 9?
-4
-1 (base 12) to base 16
-1
Convert 73 (base 10) to base 14.
53
What is 3 (base 5) in base 8?
3
Convert -1 (base 12) to base 14.
-1
Convert -1222 (base 4) to base 7.
-211
What is 313 (base 5) in base 14?
5d
Convert -36 (base 10) to base 9.
-40
Convert 4 (base 13) to base 2.
100
17 (base 13) to base 5
40
2011 (base 3) to base 4
322
Convert -23 (base 15) to base 13.
-27
Convert 6 (base 13) to base 14.
6
6 (base 15) to base 13
6
What is -2 (base 12) in base 15?
-2
Convert 20011 (base 3) to base 16.
a6
Convert d (base 16) to base 10.
13
Convert -29 (base 15) to base 3.
-1110
Convert -153 (base 11) to base 6.
-455
2 (base 5) to base 7
2
What is -4 (base 6) in base 3?
-11
39 (base 13) to base 3
1210
What is 3 (base 5) in base 6?
3
-5 (base 16) to base 10
-5
-11 (base 4) to base 13
-5
What is 